e
Is 49621723931 a composite number?
True
Is 942479 composite?
False
Is 541078591 a composite number?
False
Is 24011551 composite?
False
Is 104173243 composite?
False
Is 999695903 a prime number?
False
Is 401131043 composite?
True
Is 1185068333 composite?
True
Is 511139611 composite?
False
Is 144428231 composite?
False
Is 1145160113 prime?
True
Is 12017748467 a composite number?
False
Is 2909749417 a composite number?
False
Is 56685407693 prime?
False
Is 49201103717 prime?
True
Is 143321034817 a prime number?
False
Is 44418296213 a prime number?
True
Is 2507816807 composite?
False
Is 48335393 composite?
False
Is 40242479671 a composite number?
True
Is 3728359717 prime?
False
Is 18672107383 composite?
False
Is 1383823499 composite?
False
Is 43182466 composite?
True
Is 828200221 prime?
True
Is 70354351 a prime number?
True
Is 853479539 a composite number?
True
Is 1199017451 a composite number?
True
Is 13022113187 prime?
True
Is 6399614513 a composite number?
True
Is 324368087 composite?
False
Is 905359219 composite?
False
Is 1051990861 prime?
False
Is 3888727147 a composite number?
False
Is 5173220543 a composite number?
False
Is 38648003 a prime number?
True
Is 70607143231 composite?
False
Is 119032133653 prime?
True
Is 14697552703 prime?
True
Is 52407806197 a prime number?
False
Is 3267760267 a composite number?
True
Is 30654041981 prime?
False
Is 812959969 prime?
True
Is 91555457239 a prime number?
True
Is 2276466761 a prime number?
False
Is 9107566431 composite?
True
Is 7037568247 a composite number?
False
Is 8970589897 a prime number?
True
Is 5027599303 a prime number?
True
Is 5904091703 a composite number?
False
Is 126370759 prime?
True
Is 438199877 a composite number?
False
Is 9144574891 prime?
True
Is 38127147673 prime?
True
Is 45786337 prime?
True
Is 29906422927 a composite number?
True
Is 72763028489 prime?
True
Is 13555073291 a prime number?
True
Is 1450768883 prime?
False
Is 15557880505 a prime number?
False
Is 3750252301 composite?
True
Is 10294819567 a composite number?
True
Is 19337135291 composite?
False
Is 430614791 composite?
False
Is 15914774237 composite?
True
Is 2258117239 prime?
False
Is 18369156977 a composite number?
True
Is 16756406581 prime?
True
Is 538351781 a prime number?
False
Is 18350304073 a prime number?
False
Is 6058691 prime?
True
Is 124247418994 a prime number?
False
Is 5012223 composite?
True
Is 17001520403 a prime number?
False
Is 142884941 a composite number?
False
Is 6495064351 prime?
True
Is 34943840681 a composite number?
True
Is 565453069 composite?
True
Is 176742187 composite?
True
Is 5762020483 a prime number?
False
Is 78028765293 composite?
True
Is 6717938698 a composite number?
True
Is 1052505743 a composite number?
False
Is 1527930731 composite?
True
Is 5013788041 prime?
False
Is 543045457 a prime number?
True
Is 110589774107 a prime number?
False
Is 487082107 prime?
True
Is 269510273 a composite number?
False
Is 599024369 a prime number?
True
Is 5980204049 a prime number?
False
Is 12329197 a prime number?
True
Is 70942243 prime?
True
Is 15441697681 composite?
False
Is 1445813843 a prime number?
False
Is 49200001 a prime number?
False
Is 1988781545 prime?
False
Is 19327554287 prime?
True
Is 258217397 a composite number?
True
Is 710471753 prime?
True
Is 14454792529 composite?
False
Is 3255091807 composite?
True
Is 1288468135 composite?
True
Is 6067262213 a composite number?
True
Is 250820323737 prime?
False
Is 40188173149 composite?
True
Is 324659806 a prime number?
False
Is 2812880353 a prime number?
True
Is 3005357431 a prime number?
True
Is 590865017 a composite number?
False
Is 136573859 composite?
False
Is 27033549799 composite?
True
Is 29762278937 a prime number?
True
Is 696611095 a composite number?
True
Is 3313053283 prime?
False
Is 394012777 a composite number?
False
Is 3267183481 prime?
False
Is 23393883367 a prime number?
True
Is 1933272659 prime?
False
Is 1420225663 prime?
False
Is 52588977513 a composite number?
True
Is 150858601 prime?
False
Is 6417397 composite?
True
Is 6290488241 composite?
True
Is 96176520593 composite?
True
Is 15919910059 a composite number?
False
Is 40967077111 a composite number?
True
Is 123240490187 prime?
True
Is 12360228379 prime?
True
Is 11720837279 composite?
False
Is 644111309 prime?
True
Is 109335306517 a composite number?
True
Is 5616944155 composite?
True
Is 2401763465 a prime number?
False
Is 3973960127 prime?
False
Is 362473549 a prime number?
True
Is 23255421359 prime?
False
Is 1455270891 a prime number?
False
Is 333109286 a composite number?
True
Is 85961467871 a composite number?
False
Is 1473573869 composite?
False
Is 294377227 a prime number?
True
Is 4676891669 a prime number?
False
Is 26373676573 a composite number?
False
Is 1383049253 a composite number?
False
Is 1753334719 a prime number?
True
Is 2667960907 a prime number?
False
Is 72803258995 a composite number?
True
Is 5300559679 composite?
True
Is 538328627 composite?
False
Is 61533585803 composite?
False
Is 5724264619 prime?
False
Is 1986832151 a composite number?
False
Is 16090498967 composite?
True
Is 22467247 a prime number?
False
Is 36843723503 a prime number?
True
Is 561174923 a prime number?
True
Is 2404389103 a prime number?
True
Is 16146077 prime?
False
Is 37881534161 a prime number?
True
Is 69261067453 prime?
True
Is 16174402501 prime?
True
Is 174043963427 a composite number?
False
Is 58481740621 prime?
False
Is 4838631097 a composite number?
False
Is 29827740287 composite?
False
Is 1902943913 a prime number?
False
Is 40458379721 prime?
True
Is 4051486723 composite?
False
Is 15418902179 a prime number?
True
Is 357812593 a prime number?
False
Is 333129073 composite?
False
Is 105618630461 a prime number?
False
Is 74608765013 a composite number?
True
Is 105710993 a composite number?
False
Is 1213660057 a prime number?
True
Is 1873961 prime?
False
Is 7894388797 prime?
True
Is 2105456129 a prime number?
False
Is 9584914741 a prime number?
False
Is 1305077771 composite?
False
Is 13408252213 a composite number?
False
Is 11834780563 composite?
False
Is 3481075757 a prime number?
False
Is 77932273633 a composite number?
True
Is 7161707337 a prime number?
False
Is 206600531 prime?
True
Is 402176639 a prime number?
True
Is 385006333 composite?
False
Is 2210859533 a composite number?
False
Is 4860585761 a prime number?
True
Is 1090263299 a composite number?
False
Is 890073231 a composite number?
True
Is 8749329073 a prime number?
False
Is 99911573 a prime number?
True
Is 40424389477 composite?
False
Is 847681643 composite?
True
Is 27109411723 a composite number?
False
Is 45296646215 a composite number?
True
Is 71217351391 a prime number?
False
Is 17355414619 prime?
False
Is 5373137681 composite?
True
Is 124816788007 a prime number?
True
Is 107200036583 a prime number?
False
Is 52188119 composite?
False
Is 2058770491 a prime number?
False
Is 871535099 a prime number?
True
Is 3644624411 a composite number?
False
Is 100134064957 a prime number?
True
Is 44699896229 composite?
False
Is 759306763 prime?
True
Is 9787787261 composite?
True
Is 2508150767 prime?
False
Is 1816905011 prime?
True
Is 10107589549 composite?
False
Is 143047442183 a composite number?
False
Is 1111957933 prime?
False
Is 184422013 composite?
False
Is 4488879613 prime?
False
Is 1084145563 a composite number?
False
Is 143753459271 prime?
False
Is 2318654309 a composite number?
False
Is 73606289 a composite number?
True
Is 2872146779 a prime number?
True
Is 187151017 a prime number?
True
Is 36581117549 prime?
True
Is 12968383871 a prime number?
False
Is 461358539 a composite number?
False
Is 13388981671 prime?
False
Is 17402168605 a composite number?
True
Is 13799119471 a composite number?
False
Is 4047686287 composite?
False
Is 8797082183 a composite number?
False
Is 3635844613 a prime number?
True
Is 90770424013 a composite number?
True
Is 28084968715 a composite number?
True
Is 4882086971 composite?
True
Is 568983185 a prime number?
False
Is 7137689509 prime?
True
Is 13110431497 composite?
True
Is 839946641 a prime number?
True
Is 11594674891 prime?
False
Is 246096816731 a composite number?
True
Is 158475319 prime?
False
Is 21997371311 composite?
True
Is 1842849683 composite?
False
Is 174065803 a composite number?
False
Is 